{"id":1878,"date":"2021-10-05T16:15:51","date_gmt":"2021-10-05T14:15:51","guid":{"rendered":"http:\/\/hiros.alwaysdata.net\/artist\/bernard-van-eeghem-2\/"},"modified":"2021-11-08T23:32:40","modified_gmt":"2021-11-08T22:32:40","slug":"bernard-van-eeghem-2","status":"publish","type":"artist","link":"https:\/\/hiros.be\/fr\/artistes\/bernard-van-eeghem-2\/","title":{"rendered":"Bernard Van Eeghem"},"content":{"rendered":"<p>\u00b01953, Comines, vit et travaille \u00e0 Bruxelles.<\/p>\n<p>Bernard a \u00e9tudi\u00e9 l&rsquo;architecture \u00e0 Gand et l&rsquo;histoire de l&rsquo;art \u00e0 Bruxelles. La procession du Saint-Sang de Bruges, ville dans laquelle il a grandit, a produit sur lui une impression ind\u00e9l\u00e9bile. Elle a nourrit son d\u00e9sir d&rsquo;int\u00e9grer les diff\u00e9rentes formes d&rsquo;art plut\u00f4t que de tendre vers un grand spectacle total. En somme, l&rsquo;id\u00e9al de l&rsquo;\u0153uvre d&rsquo;art totale mais port\u00e9e seul ou avec peu de personnes. Bernard Van Eeghem \u00e9crit des textes, r\u00e9alise des affiches et des d\u00e9cors, joue au th\u00e9\u00e2tre, chante et interpr\u00e8te, fait du th\u00e9\u00e2tre et des expositions. Il a donn\u00e9 des cours de peinture contemporaine \u00e0 Amarant, a enseign\u00e9 \u00e0 l&rsquo;Institut Lemmens, \u00e9tait professeur invit\u00e9, il fut membre du jury du Theaterfestival et tuteur des jeunes artistes du Theater aan Zee.<\/p>\n<p>Bernard Van Eeghem a collabor\u00e9 aux productions aussi nombreuses qu&rsquo;\u00e9clectiques de groupes parfois tr\u00e8s divers. En 2004, &lsquo;One Hand Waving Free&rsquo; \u00e9tait s\u00e9lectionn\u00e9 pour le TheaterFestival de Gand et Amsterdam. R\u00e9cemment, il s&rsquo;est toutefois \u00e9rig\u00e9 en metteur en sc\u00e8ne de th\u00e9\u00e2tre ind\u00e9pendant. Durant ces derni\u00e8res ann\u00e9es, il a contribu\u00e9 \u00e0 des spectacles remarquables avec Catherine Graindorge, Manah Depauw, Katja Dreyer, Dolores Bouckaert et Nele Vereecken. Pour Campo \u00e0 Gand il a \u00e9crit un livre &lsquo;Kant&rsquo;. Enfin, son spectacle &lsquo;<em>Sanglier&rsquo;<\/em>, \u00e9tait s\u00e9lectionn\u00e9 par les critiques francophones de th\u00e9\u00e2tre pour le \u00ab\u00a0prix de la critique 2012\u00a0\u00bb.<\/p>\n<p><a href=\"https:\/\/bernardvaneeghem.be\/\" target=\"_blank\" rel=\"noopener\">www.bernardvaneeghem.be<\/a><\/p>\n","protected":false},"excerpt":{"rendered":"<p>\u00b01953, Comines, vit et travaille \u00e0 Bruxelles. Bernard a \u00e9tudi\u00e9 l&rsquo;architecture \u00e0 Gand et l&rsquo;histoire<\/p>\n","protected":false},"author":2,"featured_media":1874,"template":"","acf":[],"yoast_head":"<!-- This site is optimized with the Yoast SEO plugin v20.3 - https:\/\/yoast.com\/wordpress\/plugins\/seo\/ -->\n<title>Bernard Van Eeghem &ndash; Hiros<\/title>\n<meta name=\"robots\" content=\"index, follow, max-snippet:-1, max-image-preview:large, max-video-preview:-1\" \/>\n<link rel=\"canonical\" href=\"https:\/\/hiros.be\/fr\/artistes\/bernard-van-eeghem-2\/\" \/>\n<meta property=\"og:locale\" content=\"fr_FR\" \/>\n<meta property=\"og:type\" content=\"article\" \/>\n<meta property=\"og:title\" content=\"Bernard Van Eeghem &ndash; Hiros\" \/>\n<meta property=\"og:description\" content=\"\u00b01953, Comines, vit et travaille \u00e0 Bruxelles. Bernard a \u00e9tudi\u00e9 l&rsquo;architecture \u00e0 Gand et l&rsquo;histoire\" \/>\n<meta property=\"og:url\" content=\"https:\/\/hiros.be\/fr\/artistes\/bernard-van-eeghem-2\/\" \/>\n<meta property=\"og:site_name\" content=\"Hiros\" \/>\n<meta property=\"article:modified_time\" content=\"2021-11-08T22:32:40+00:00\" \/>\n<meta property=\"og:image\" content=\"https:\/\/hiros.be\/wp-content\/uploads\/2021\/10\/Screen_Shot_2015-03-26_at_12.38.49.png\" \/>\n\t<meta property=\"og:image:width\" content=\"963\" \/>\n\t<meta property=\"og:image:height\" content=\"642\" \/>\n\t<meta property=\"og:image:type\" content=\"image\/png\" \/>\n<meta name=\"twitter:card\" content=\"summary_large_image\" \/>\n<meta name=\"twitter:label1\" content=\"Dur\u00e9e de lecture estim\u00e9e\" \/>\n\t<meta name=\"twitter:data1\" content=\"1 minute\" \/>\n<script type=\"application\/ld+json\" class=\"yoast-schema-graph\">{\"@context\":\"https:\/\/schema.org\",\"@graph\":[{\"@type\":\"WebPage\",\"@id\":\"https:\/\/hiros.be\/fr\/artistes\/bernard-van-eeghem-2\/\",\"url\":\"https:\/\/hiros.be\/fr\/artistes\/bernard-van-eeghem-2\/\",\"name\":\"Bernard Van Eeghem &ndash; Hiros\",\"isPartOf\":{\"@id\":\"https:\/\/hiros.be\/en\/#website\"},\"datePublished\":\"2021-10-05T14:15:51+00:00\",\"dateModified\":\"2021-11-08T22:32:40+00:00\",\"breadcrumb\":{\"@id\":\"https:\/\/hiros.be\/fr\/artistes\/bernard-van-eeghem-2\/#breadcrumb\"},\"inLanguage\":\"fr-FR\",\"potentialAction\":[{\"@type\":\"ReadAction\",\"target\":[\"https:\/\/hiros.be\/fr\/artistes\/bernard-van-eeghem-2\/\"]}]},{\"@type\":\"BreadcrumbList\",\"@id\":\"https:\/\/hiros.be\/fr\/artistes\/bernard-van-eeghem-2\/#breadcrumb\",\"itemListElement\":[{\"@type\":\"ListItem\",\"position\":1,\"name\":\"Artists\",\"item\":\"https:\/\/hiros.be\/en\/artist\/\"},{\"@type\":\"ListItem\",\"position\":2,\"name\":\"Bernard Van Eeghem\"}]},{\"@type\":\"WebSite\",\"@id\":\"https:\/\/hiros.be\/en\/#website\",\"url\":\"https:\/\/hiros.be\/en\/\",\"name\":\"Hiros\",\"description\":\"\",\"publisher\":{\"@id\":\"https:\/\/hiros.be\/en\/#organization\"},\"potentialAction\":[{\"@type\":\"SearchAction\",\"target\":{\"@type\":\"EntryPoint\",\"urlTemplate\":\"https:\/\/hiros.be\/en\/?s={search_term_string}\"},\"query-input\":\"required name=search_term_string\"}],\"inLanguage\":\"fr-FR\"},{\"@type\":\"Organization\",\"@id\":\"https:\/\/hiros.be\/en\/#organization\",\"name\":\"Hiros\",\"url\":\"https:\/\/hiros.be\/en\/\",\"logo\":{\"@type\":\"ImageObject\",\"inLanguage\":\"fr-FR\",\"@id\":\"https:\/\/hiros.be\/en\/#\/schema\/logo\/image\/\",\"url\":\"https:\/\/hiros.be\/wp-content\/uploads\/2021\/07\/Hiros_logo-1.svg\",\"contentUrl\":\"https:\/\/hiros.be\/wp-content\/uploads\/2021\/07\/Hiros_logo-1.svg\",\"caption\":\"Hiros\"},\"image\":{\"@id\":\"https:\/\/hiros.be\/en\/#\/schema\/logo\/image\/\"}}]}<\/script>\n<!-- \/ Yoast SEO plugin. -->","yoast_head_json":{"title":"Bernard Van Eeghem &ndash; Hiros","robots":{"index":"index","follow":"follow","max-snippet":"max-snippet:-1","max-image-preview":"max-image-preview:large","max-video-preview":"max-video-preview:-1"},"canonical":"https:\/\/hiros.be\/fr\/artistes\/bernard-van-eeghem-2\/","og_locale":"fr_FR","og_type":"article","og_title":"Bernard Van Eeghem &ndash; Hiros","og_description":"\u00b01953, Comines, vit et travaille \u00e0 Bruxelles. Bernard a \u00e9tudi\u00e9 l&rsquo;architecture \u00e0 Gand et l&rsquo;histoire","og_url":"https:\/\/hiros.be\/fr\/artistes\/bernard-van-eeghem-2\/","og_site_name":"Hiros","article_modified_time":"2021-11-08T22:32:40+00:00","og_image":[{"width":963,"height":642,"url":"https:\/\/hiros.be\/wp-content\/uploads\/2021\/10\/Screen_Shot_2015-03-26_at_12.38.49.png","type":"image\/png"}],"twitter_card":"summary_large_image","twitter_misc":{"Dur\u00e9e de lecture estim\u00e9e":"1 minute"},"schema":{"@context":"https:\/\/schema.org","@graph":[{"@type":"WebPage","@id":"https:\/\/hiros.be\/fr\/artistes\/bernard-van-eeghem-2\/","url":"https:\/\/hiros.be\/fr\/artistes\/bernard-van-eeghem-2\/","name":"Bernard Van Eeghem &ndash; Hiros","isPartOf":{"@id":"https:\/\/hiros.be\/en\/#website"},"datePublished":"2021-10-05T14:15:51+00:00","dateModified":"2021-11-08T22:32:40+00:00","breadcrumb":{"@id":"https:\/\/hiros.be\/fr\/artistes\/bernard-van-eeghem-2\/#breadcrumb"},"inLanguage":"fr-FR","potentialAction":[{"@type":"ReadAction","target":["https:\/\/hiros.be\/fr\/artistes\/bernard-van-eeghem-2\/"]}]},{"@type":"BreadcrumbList","@id":"https:\/\/hiros.be\/fr\/artistes\/bernard-van-eeghem-2\/#breadcrumb","itemListElement":[{"@type":"ListItem","position":1,"name":"Artists","item":"https:\/\/hiros.be\/en\/artist\/"},{"@type":"ListItem","position":2,"name":"Bernard Van Eeghem"}]},{"@type":"WebSite","@id":"https:\/\/hiros.be\/en\/#website","url":"https:\/\/hiros.be\/en\/","name":"Hiros","description":"","publisher":{"@id":"https:\/\/hiros.be\/en\/#organization"},"potentialAction":[{"@type":"SearchAction","target":{"@type":"EntryPoint","urlTemplate":"https:\/\/hiros.be\/en\/?s={search_term_string}"},"query-input":"required name=search_term_string"}],"inLanguage":"fr-FR"},{"@type":"Organization","@id":"https:\/\/hiros.be\/en\/#organization","name":"Hiros","url":"https:\/\/hiros.be\/en\/","logo":{"@type":"ImageObject","inLanguage":"fr-FR","@id":"https:\/\/hiros.be\/en\/#\/schema\/logo\/image\/","url":"https:\/\/hiros.be\/wp-content\/uploads\/2021\/07\/Hiros_logo-1.svg","contentUrl":"https:\/\/hiros.be\/wp-content\/uploads\/2021\/07\/Hiros_logo-1.svg","caption":"Hiros"},"image":{"@id":"https:\/\/hiros.be\/en\/#\/schema\/logo\/image\/"}}]}},"_links":{"self":[{"href":"https:\/\/hiros.be\/fr\/wp-json\/wp\/v2\/artist\/1878"}],"collection":[{"href":"https:\/\/hiros.be\/fr\/wp-json\/wp\/v2\/artist"}],"about":[{"href":"https:\/\/hiros.be\/fr\/wp-json\/wp\/v2\/types\/artist"}],"author":[{"embeddable":true,"href":"https:\/\/hiros.be\/fr\/wp-json\/wp\/v2\/users\/2"}],"wp:featuredmedia":[{"embeddable":true,"href":"https:\/\/hiros.be\/fr\/wp-json\/wp\/v2\/media\/1874"}],"wp:attachment":[{"href":"https:\/\/hiros.be\/fr\/wp-json\/wp\/v2\/media?parent=1878"}],"curies":[{"name":"wp","href":"https:\/\/api.w.org\/{rel}","templated":true}]}}

<p>°1953, Comines, vit et travaille à Bruxelles.</p>
<p>Bernard a étudié l&rsquo;architecture à Gand et l&rsquo;histoire de l&rsquo;art à Bruxelles. La procession du Saint-Sang de Bruges, ville dans laquelle il a grandit, a produit sur lui une impression indélébile. Elle a nourrit son désir d&rsquo;intégrer les différentes formes d&rsquo;art plutôt que de tendre vers un grand spectacle total. En somme, l&rsquo;idéal de l&rsquo;œuvre d&rsquo;art totale mais portée seul ou avec peu de personnes. Bernard Van Eeghem écrit des textes, réalise des affiches et des décors, joue au théâtre, chante et interprète, fait du théâtre et des expositions. Il a donné des cours de peinture contemporaine à Amarant, a enseigné à l&rsquo;Institut Lemmens, était professeur invité, il fut membre du jury du Theaterfestival et tuteur des jeunes artistes du Theater aan Zee.</p>
<p>Bernard Van Eeghem a collaboré aux productions aussi nombreuses qu&rsquo;éclectiques de groupes parfois très divers. En 2004, &lsquo;One Hand Waving Free&rsquo; était sélectionné pour le TheaterFestival de Gand et Amsterdam. Récemment, il s&rsquo;est toutefois érigé en metteur en scène de théâtre indépendant. Durant ces dernières années, il a contribué à des spectacles remarquables avec Catherine Graindorge, Manah Depauw, Katja Dreyer, Dolores Bouckaert et Nele Vereecken. Pour Campo à Gand il a écrit un livre &lsquo;Kant&rsquo;. Enfin, son spectacle &lsquo;<em>Sanglier&rsquo;</em>, était sélectionné par les critiques francophones de théâtre pour le « prix de la critique 2012 ».</p>
<p><a href="https://bernardvaneeghem.be/" target="_blank" rel="noopener">www.bernardvaneeghem.be</a></p>

<p>°1953, Comines, vit et travaille à Bruxelles. Bernard a étudié l&rsquo;architecture à Gand et l&rsquo;histoire</p>

<!-- This site is optimized with the Yoast SEO plugin v20.3 - https://yoast.com/wordpress/plugins/seo/ -->
<title>Bernard Van Eeghem &ndash; Hiros</title>
<meta name="robots" content="index, follow, max-snippet:-1, max-image-preview:large, max-video-preview:-1" />
<link rel="canonical" href="https://hiros.be/fr/artistes/bernard-van-eeghem-2/" />
<meta property="og:locale" content="fr_FR" />
<meta property="og:type" content="article" />
<meta property="og:title" content="Bernard Van Eeghem &ndash; Hiros" />
<meta property="og:description" content="°1953, Comines, vit et travaille à Bruxelles. Bernard a étudié l&rsquo;architecture à Gand et l&rsquo;histoire" />
<meta property="og:url" content="https://hiros.be/fr/artistes/bernard-van-eeghem-2/" />
<meta property="og:site_name" content="Hiros" />
<meta property="article:modified_time" content="2021-11-08T22:32:40+00:00" />
<meta property="og:image" content="https://hiros.be/wp-content/uploads/2021/10/Screen_Shot_2015-03-26_at_12.38.49.png" />
	<meta property="og:image:width" content="963" />
	<meta property="og:image:height" content="642" />
	<meta property="og:image:type" content="image/png" />
<meta name="twitter:card" content="summary_large_image" />
<meta name="twitter:label1" content="Durée de lecture estimée" />
	<meta name="twitter:data1" content="1 minute" />
<script type="application/ld+json" class="yoast-schema-graph">{"@context":"https://schema.org","@graph":[{"@type":"WebPage","@id":"https://hiros.be/fr/artistes/bernard-van-eeghem-2/","url":"https://hiros.be/fr/artistes/bernard-van-eeghem-2/","name":"Bernard Van Eeghem &ndash; Hiros","isPartOf":{"@id":"https://hiros.be/en/#website"},"datePublished":"2021-10-05T14:15:51+00:00","dateModified":"2021-11-08T22:32:40+00:00","breadcrumb":{"@id":"https://hiros.be/fr/artistes/bernard-van-eeghem-2/#breadcrumb"},"inLanguage":"fr-FR","potentialAction":[{"@type":"ReadAction","target":["https://hiros.be/fr/artistes/bernard-van-eeghem-2/"]}]},{"@type":"BreadcrumbList","@id":"https://hiros.be/fr/artistes/bernard-van-eeghem-2/#breadcrumb","itemListElement":[{"@type":"ListItem","position":1,"name":"Artists","item":"https://hiros.be/en/artist/"},{"@type":"ListItem","position":2,"name":"Bernard Van Eeghem"}]},{"@type":"WebSite","@id":"https://hiros.be/en/#website","url":"https://hiros.be/en/","name":"Hiros","description":"","publisher":{"@id":"https://hiros.be/en/#organization"},"potentialAction":[{"@type":"SearchAction","target":{"@type":"EntryPoint","urlTemplate":"https://hiros.be/en/?s={search_term_string}"},"query-input":"required name=search_term_string"}],"inLanguage":"fr-FR"},{"@type":"Organization","@id":"https://hiros.be/en/#organization","name":"Hiros","url":"https://hiros.be/en/","logo":{"@type":"ImageObject","inLanguage":"fr-FR","@id":"https://hiros.be/en/#/schema/logo/image/","url":"https://hiros.be/wp-content/uploads/2021/07/Hiros_logo-1.svg","contentUrl":"https://hiros.be/wp-content/uploads/2021/07/Hiros_logo-1.svg","caption":"Hiros"},"image":{"@id":"https://hiros.be/en/#/schema/logo/image/"}}]}</script>
<!-- / Yoast SEO plugin. -->

°1953, Comines, vit et travaille à Bruxelles. Bernard a étudié l&rsquo;architecture à Gand et l&rsquo;histoire
